{"id":14,"date":"2020-11-11T21:08:48","date_gmt":"2020-11-11T20:08:48","guid":{"rendered":"http:\/\/idtecnop-photos.fr\/?page_id=14"},"modified":"2020-11-12T20:12:46","modified_gmt":"2020-11-12T19:12:46","slug":"accueil","status":"publish","type":"page","link":"https:\/\/idtecnop-photos.fr\/","title":{"rendered":"Accueil"},"content":{"rendered":"\n<p>Bienvenue <\/p>\n\n\n\n<p>Je vous propose de d\u00e9couvrir mes diff\u00e9rentes Galeries.<\/p>\n\n\n\n<p>J&rsquo;ai toujours r\u00e9v\u00e9 d&rsquo;exposer mes r\u00e9alisations, mais je n&rsquo;ai jamais franchi le pas. J&rsquo;esp\u00e8re que ce site vous donnera envi de me suivre et vous donnera du plaisir.<\/p>\n\n\n\n<p>Bonne visite<\/p>\n\n\n\n<p>Didier<\/p>\n\n\n\n<p><\/p>\n","protected":false},"excerpt":{"rendered":"<p>Bienvenue Je vous propose de d\u00e9couvrir mes diff\u00e9rentes Galeries. J&rsquo;ai toujours r\u00e9v\u00e9 d&rsquo;exposer mes r\u00e9alisations, mais je n&rsquo;ai jamais franchi le pas. J&rsquo;esp\u00e8re que ce site vous donnera envi de me suivre et vous donnera du plaisir. Bonne visite Didier<\/p>\n","protected":false},"author":1,"featured_media":0,"parent":0,"menu_order":0,"comment_status":"closed","ping_status":"closed","template":"","meta":{"two_page_speed":[]},"_links":{"self":[{"href":"https:\/\/idtecnop-photos.fr\/index.php\/wp-json\/wp\/v2\/pages\/14"}],"collection":[{"href":"https:\/\/idtecnop-photos.fr\/index.php\/wp-json\/wp\/v2\/pages"}],"about":[{"href":"https:\/\/idtecnop-photos.fr\/index.php\/wp-json\/wp\/v2\/types\/page"}],"author":[{"embeddable":true,"href":"https:\/\/idtecnop-photos.fr\/index.php\/wp-json\/wp\/v2\/users\/1"}],"replies":[{"embeddable":true,"href":"https:\/\/idtecnop-photos.fr\/index.php\/wp-json\/wp\/v2\/comments?post=14"}],"version-history":[{"count":4,"href":"https:\/\/idtecnop-photos.fr\/index.php\/wp-json\/wp\/v2\/pages\/14\/revisions"}],"predecessor-version":[{"id":94,"href":"https:\/\/idtecnop-photos.fr\/index.php\/wp-json\/wp\/v2\/pages\/14\/revisions\/94"}],"wp:attachment":[{"href":"https:\/\/idtecnop-photos.fr\/index.php\/wp-json\/wp\/v2\/media?parent=14"}],"curies":[{"name":"wp","href":"https:\/\/api.w.org\/{rel}","templated":true}]}}